e c(-5).
-2
Let y be 27/(-18)*14/(-3). Let d be 14/49 - 37/y. Let v(q) be the second derivative of q**4/6 + q**3 - 3*q**2 - 27*q. Calculate v(d).
14
Let m(p) = -5400 - p**2 + 2*p - 5422 + 10838 - 8*p. Determine m(-7).
9
Let c(a) be the third derivative of -7*a**4/24 + 119*a**3/6 + 6*a**2 + 126*a. Determine c(18).
-7
Let h be (-1)/2*36/27*(-6 - -3). Let t(l) be the first derivative of -1/2*l**h - 10*l - 31. What is t(-11)?
1
Let d(r) = r + 2. Let i = 53 - 39. Suppose -5*n = 2*q - n - i, 5*n + 2 = 4*q. Let x = -1 - q. Determine d(x).
-2
Let m(q) = -313 + 679 - 368 + 13*q. Let f(g) = -g - 7. Let d be f(-5). Calculate m(d).
-28
Suppose -5*z + 39 = 2*h, 22 = 4*z - 0*h - 3*h. Let u(s) = -s + 59. Let v(d) = -d**3 + 9*d**2 - 6*d - 414. Let t(b) = 7*u(b) + v(b). Calculate t(z).
6
Let j(b) = -8*b**2 + 7. Let t be j(0). Let l(d) = 4*d - 34. Calculate l(t).
-6
Let w(a) be the second derivative of -2*a**3 + 6*a**2 + 1860*a. What is w(6)?
-60
Let l(f) = 19*f**2 - 55*f - 97. Let w(d) = 11*d**2 - 33*d - 49. Let k(i) = 4*l(i) - 7*w(i). What is k(8)?
-21
Let o(n) = -2*n + 28. Let h be o(16). Let p be (-2)/h*(-7 + 1 + 2). Let c(k) = 2*k**3 + k**2 - 4*k - 3. Give c(p).
-7
Let t(r) = -1 + 3*r**3 - 4*r**3 - 1 + r. Let c(d) be the third derivative of -2*d**4/3 + 32*d**3/3 + 21*d**2. Let v be c(4). Give t(v).
-2
Let o(l) = -41*l**2 + 4*l - 8. Let c(s) be the third derivative of 7*s**5/20 - s**4/12 + 5*s**3/6 - 142*s**2 - 1. Let i(q) = 5*c(q) + 3*o(q). Give i(-1).
-19
Let o(k) = k**2 + 6*k - 8. Let r be o(-6). Let v(j) = -5*j - 2 - 8 + 13*j - j + j**2. Determine v(r).
-2
Let u = 9026 + -9050. Let g(y) = -y**2 - 31*y - 164. Give g(u).
4
Suppose -946 + 510 = -201*c + 569. Let f = 2 + 1. Let r(q) = -5*q**3 - c*q - 6*q**2 - q**3 - 6 + 9*q**3 - 4*q**f. What is r(-4)?
-18
Let u(j) = 4 - 50*j + 25*j - 3 + 24*j. Calculate u(-3).
4
Let s(r) = 6*r - 2 + 3 + 115*r**2 - r**3 - 110*r**2. Suppose 0 = -4*x + 252 + 260. Let f be (-12)/(-66) + x/22. What is s(f)?
1
Let h(n) = -29 - 24 + 84 - 14*n - 20 - 16. Calculate h(2).
-33
Let i(s) = -31*s + 20. Let y be i(1). Let c(m) = -m**3 - 11*m**2 - 3*m - 26. What is c(y)?
7
Let f(j) = -j**2 - 24*j - 76. Let k be 596/(-30) + 21/14*32/(-360). Determine f(k).
4
Let g = 114 - 111. Suppose g*k + 8*k - 22 = 0. Let l(u) = 9*u**2 - u - 5. Let c(i) = -14*i**2 + i + 8. Let s(a) = 5*c(a) + 8*l(a). Give s(k).
2
Let n(y) = -y - 2. Suppose 3*f + 15 - 3 = 0. Let d = f + 53. Let m = 53 - d. Calculate n(m).
-6
Let f(d) = d**3 - d**2 + 4*d + 1. Let h(i) = 2*i**3 - 2*i**2 + 7*i + 2. Let u(m) = 11*f(m) - 6*h(m). Calculate u(0).
-1
Let y(k) = 2*k**2 + 30*k + 19. Let a be y(-14). Let u(p) be the third derivative of -p**5/60 - p**4/3 + 2*p**3 + 2*p**2 - 3. Give u(a).
3
Let i = 14 - 5. Let w(v) = -36*v + 290. Let p be w(8). Let m(d) = -3*d + 5 - i + 9*d**p - 14*d**2 - d**3. What is m(-3)?
-13
Let a(d) be the third derivative of -d**5/30 + d**4/12 + d**3/3 - 323*d**2. Determine a(2).
-2
Let l(g) be the first derivative of 7*g**2/2 + 38*g + 4435. What is l(-5)?
3
Let i(u) = -8*u**2 - 22*u - 10. Let s(m) = 3*m**2 + 2*m + 17. Let o(q) = -i(q) - 3*s(q). Calculate o(13).
-2
Let n(o) be the second derivative of -1/12*o**4 - 10 + o**3 + o**2 - 3*o. What is n(6)?
2
Let o(z) = -4*z - 1. Let x be (3 - 4) + (170 - 3). Let r = x + -169. What is o(r)?
11
Suppose 21 = -2*t - 5*v, -t + 3*v = 4*t + 130. Let d = t + 18. Let z(g) = -17 - 7 - 5*g**2 + 3*g - g**3 + 31 + g + g**2. Calculate z(d).
12
Suppose 0 = l - 3*p, -4*p = 4*l - 5*p - 11. Let o(r) = -22 - l*r - 27 - 28 + 80. Determine o(3).
-6
Let s(k) = -35*k**3 - 2*k**2 + 2*k - 1. Suppose -8*t + 890 = -566. Let b = t - 181. Determine s(b).
-36
Let o(w) be the first derivative of w**4/24 + 7*w**3/6 + 14*w**2 + 21. Let p(i) be the second derivative of o(i). Give p(-6).
1
Let w(i) be the second derivative of -20 - i + 7/6*i**3 + 6*i**2 - 1/20*i**5 + 3/4*i**4. Determine w(10).
-18
Let c(o) be the first derivative of 2*o**2 + 4*o + 467. Let d(p) = -p + 12. Let q be d(9). Let x(i) = -7*i - 8. Let y(j) = q*x(j) + 5*c(j). What is y(0)?
-4
Let w = -214 - -208. Let y = w - -9. Let s(g) = -g**2 + 3*g. Calculate s(y).
0
Suppose -10*j + 12*j + 10 = 0. Let w(p) = 4*p**2 + 5*p + 4. Let v(d) = 4*d**2 + 4*d + 3. Let x(r) = j*v(r) + 4*w(r). Suppose 7 = -t + 9. Calculate x(t).
-15
Let g(k) be the third derivative of k**6/120 + k**5/120 - k**4/8 - 13*k**3/6 - 72*k**2. Let t(b) be the second derivative of g(b). Determine t(-4).
-23
Let r(c) = -8*c**3 - c**2 - 2*c - 1. Let s(b) = -2*b + 0*b**2 - 7*b - 5*b**2 - 23 + 6*b**2. Let v be s(11). What is r(v)?
8
Let p(v) = -v**3 + 9*v**2 - 6*v + 9. Let f(m) = -m - 12 + 15 + 7*m - 19 - 6. Let o be f(5). Determine p(o).
25
Let w(t) = -2*t**2 + 15*t - 7. Let d(l) = 2*l**2 - 108*l - 1269. Let b be d(-10). Calculate w(b).
-84
Let r(a) = 7 - a**2 + 164978*a - a**2 - 164986*a + 3*a**2 + a**3. Determine r(-4).
-9
Let x(n) = 2*n**2 - 442*n**3 + 215*n**3 - 5 + 6*n**2 + 12*n + 228*n**3. Calculate x(-5).
10
Let x(k) be the first derivative of -k**3/3 + 3*k**2/2 + k + 778. Suppose 2*z = 7 + 11. Let y = -12 + z. Determine x(y).
-17
Suppose -184*n - 110 = -173*n. Let u(q) = 2*q. Let w(k) = 13*k + 7. Let m(t) = -6*u(t) + w(t). Calculate m(n).
-3
Let v(x) = x**3 + 2*x**2 + 2*x + 23. Suppose 20 = -6*q - 2*z, -12*z - 7 = 4*q - 17*z. What is v(q)?
8
Let u(b) be the third derivative of 2*b + 0 + 1/6*b**3 + 1/24*b**4 + 9*b**2. What is u(4)?
5
Let c(g) = 3*g + 5*g - g - 19*g - 31 + 6*g. Give c(-5).
-1
Let x(o) be the third derivative of 0*o - 69*o**2 - 1/6*o**5 + 7/24*o**4 + 1/6*o**3 + 1/120*o**6 + 0. Determine x(9).
-17
Let u(k) = 8*k + 184. Suppose -1873*b = -1849*b + 576. Determine u(b).
-8
Let j = 17 - 13. Let h(f) = -f**2 - 20 + 20 - j*f. Suppose 5*p = -3*g - 9 - 25, -10 = 5*p - 5*g. Calculate h(p).
-5
Let h(r) = -132*r**2 - 20*r + 66. Let x(i) = -19*i**2 + 1. Let a(s) = h(s) - 7*x(s). Determine a(5).
-16
Let x(a) be the first derivative of 5*a**2 - 153 + 0*a - 4*a - 3*a**2 + 0*a**2. Give x(0).
-4
Let g(s) be the third derivative of -7*s**5/120 + s**4/8 - 31*s**3/3 + 6*s**2. Let u(q) be the first derivative of g(q). Determine u(2).
-11
Let q(k) = -8*k - 3. Let b = -43 - -34. Let y(r) = 8*r + 20. Let a be y(b). Let s = -54 - a. Give q(s).
13
Let k(o) = o**3 + 2*o**2 - 2*o - 5. Let u be k(-2). Let m(v) = -21*v - 2. Let b(d) = -11*d - 1. Let c(h) = 7*b(h) - 4*m(h). Determine c(u).
-6
Let b(i) = 3895*i - 59945. Let t(u) = -31*u + 472. Let m(z) = 3*b(z) + 380*t(z). What is m(-5)?
0
Let d(i) = -3*i - 4. Suppose 7*f - 112 = 3*f. Let b be (-1 + f/21)*24/(-2). Give d(b).
8
Let t(a) = -2*a**3 - 5*a**2 - a + 3. Let k be 2/(-4)*(-5 - 1) + -1. Suppose -j + k = u - 1, -4*u + 6 = 2*j. Let x be ((-4)/(-6) + u)*(-27)/6. Calculate t(x).
15
Let o be (-48289)/473 + 1/11. Let l = o + 95. Let v(w) = -w**2 - 3*w - 1. Give v(l).
-29
Let a be (-10 + 20)/((-1)/(-1)). Let z(y) = -2*y + 22*y + 2*y**2 - a*y - 2. Give z(-7).
26
Let i be (5753/(-33))/(6/(-18)). Let n = i + -529. Let q(y) = -y**3 - 4*y**2 + 8*y - 2. Calculate q(n).
22
Let y(h) be the third derivative of -h**6/120 + h**5/4 - 5*h**4/8 + 13*h**3/6 - 39*h**2 + 1. Calculate y(14).
-1
Suppose 11*s - 51 = -6*s. Let u(m) = -m**3 + 180 + 7*m**2 - 183 + 0*m**s. What is u(7)?
-3
Let m = -8005 + 8012. Let r(a) = -a**3 + 3*a**2 + 12*a - 6. Let v(i) = -5*i**3 + 14*i**2 + 61*i - 29. Let f(t) = 11*r(t) - 2*v(t). What is f(m)?
-36
Let n = -1135 - -1145. Let l(v) = v**3 - 10*v**2 - 3*v + 25. Calculate l(n).
-5
Suppose 4*l = 2*c, -3*c - 77*l - 16 = -75*l. Let m(b) = -2*b - 15. Give m(c).
-7
Let v(a) be the first derivative of a**2/2 + 20*a + 5. Suppose -226*s + 0 + 0 + 0 = 0. Calculate v(s).
20
Let x(i) = i**2 + 2*i + 3. Let u be x(-3). Suppose 10*p = 11*p + u. Let o be -2 - ((-8)/p)/(5/(-15)). Let b(y) = -y**3 - y**2 - 1. Determine b(o).
-13
Let t(i) = 3*i**2 - 247*i - 752. Let h be t(-3). Let v(u) = -8*u**2 + 128*u - 9. Give v(h).
-9
Suppose 5*m + 20*c - 31*c - 22 = 0, -2*c + 6 = 0. Let g(q) = 2*q - 11*q + 5 - q**3 - 10*q**2 + 2*q**3. Calculate g(m).
27
Let y(w) be the first derivative of w**4/4 + 8*w**3/3 - w**2 + 2*w + 4152. Let a be (-2 + 13/2)*(-3 + 1). Determine y(a).
-61
Let b(k) be the first derivative of -k**4/4 + k**3 + k**2/2 - 10*k + 133. Give b(3).
-7
Suppose -62*a = -67 - 57. Let f(k) = -k 